y**2 + 2*y + 69. Let d(o) = -3*o**3 - 5*o**2 + o + 44. Let h(s) = -8*d(s) + 5*k(s). Give h(5).
3
Let z(q) = 2*q + 2. Let a(m) = -m**2 - 3*m + 2. Let y be a(1). What is z(y)?
-2
Let q(s) = 11*s - 1. Let i(l) = -13*l + 1. Let p(k) = 5*i(k) + 6*q(k). Give p(-1).
-2
Let l(a) = a - 6. Let j be l(9). Suppose -j*m + 5*m + 12 = -f, 5*f = 3*m + 5. Let w(i) = -2 + 0*i**2 + 18*i + 10*i + i**2 - 31*i + i**3. What is w(f)?
0
Let m(j) = -j**2 + 37*j - 219. Let k be m(7). Let n(r) = 6*r**2 + 56*r + 10. What is n(k)?
-8
Let y be (-2)/(-11) - (-60)/33. Suppose 3 = -5*q - y. Let w(f) = 1 - 11*f**2 - 1. What is w(q)?
-11
Suppose 17*b = 5*b + 48. Let l(m) = -m**2 + 2*m - 5. Give l(b).
-13
Let j(q) be the first derivative of q**3/3 - 3*q**2/2 + 3*q + 89. Give j(4).
7
Let f(z) be the first derivative of z**3/3 - 4*z**2 + 10*z - 344. Determine f(4).
-6
Let d(v) = 6*v + 15. Suppose 2*k - 12 = -0*k. Let t(z) = 2*z + 5. Let r(i) = k*d(i) - 17*t(i). Give r(-5).
-5
Suppose 0*c = -4*c - 72. Let m = c + -2. Let k = 14 + m. Let s(r) = r**3 + 5*r**2 - 7*r + 2. Determine s(k).
8
Let j(y) = -y + 9. Suppose 4*i - 72 = -i + 3*r, -4*i + r + 59 = 0. Suppose -f + i = 2*f. What is j(f)?
4
Let f(c) = -573*c + 283*c + 289*c. Suppose -4*n = -0 + 8. Calculate f(n).
2
Let x be (18/(-24))/(11/44). Let f(g) = g**2 - 2*g - 3. What is f(x)?
12
Let r(a) = -a**2 + 12*a + 11. Let d be 13*(-4 - (1*-6 + 1)). Give r(d).
-2
Suppose -4*w = -5*d - 8*w - 657, 4*d + 540 = 4*w. Let s = -131 - d. Let z(x) = 2*x - 3. Determine z(s).
1
Let y(s) = 40*s**3 + 22*s**2 + 21*s - 67. Let a(o) = 23*o**3 + 11*o**2 + 10*o - 34. Let r(i) = 7*a(i) - 4*y(i). Determine r(12).
6
Let j(r) = -r**2 + 7*r - 5. Let g = 17 - 4. Suppose g + 3 = a. Let h be (a/(-6))/((-10)/15). What is j(h)?
7
Let n(z) be the third derivative of -z**6/120 - z**5/20 + z**4/6 + 2*z**3/3 - z**2. Let p(g) = 8*g**2 - 32*g - 4. Let h be p(4). What is n(h)?
4
Let j(n) = 4*n**3 - 4*n**2 + 20*n + 5. Let i(m) = m**3 + 3*m - 1. Let g(o) = 5*i(o) - j(o). What is g(-4)?
10
Let w(n) = -n**3 + 3*n**2 - 5*n - 8. Let m(f) = -f**3 + 2*f**2 - 7*f - 8. Let l(p) = -3*m(p) + 4*w(p). Calculate l(6).
-2
Let c(h) = 11*h + 17. Let l(o) = 32*o + 50. Let a(t) = 17*c(t) - 6*l(t). Let r(q) = -11*q - 23. Let s(g) = 13*a(g) - 6*r(g). Determine s(6).
1
Let d(n) = -4*n - 4*n + 29*n + 15*n**2 - 29*n**2 + 16*n**2 + 26. Give d(-9).
-1
Let j(n) = 3*n**3 + 70*n**2 + 86*n. Let z(o) = o**3 + 23*o**2 + 28*o. Let p(v) = -6*j(v) + 19*z(v). What is p(-16)?
0
Let j = 41 - 40. Let x be j/2*(5 - (-1 + 8)). Let u(k) = 0*k**3 - 1 + k**2 - 2*k**2 - k**3 - k. Determine u(x).
0
Suppose 77 - 89 = -6*k. Let v(y) = y**2 - 4*y + 3. Determine v(k).
-1
Let h(y) = y**3 + 2*y**2 - 5*y - 3. Suppose 2*s = a - 5*a - 6, -21 = 4*a - 3*s. What is h(a)?
3
Let y = 39 - 32. Suppose y = 3*q + 4. Let g(l) be the second derivative of -2*l**3/3 + l**2/2 + l. What is g(q)?
-3
Let s(j) = j**2 + 3*j. Let d be s(-4). Let g = 13 - 9. Let c(h) = 4*h - g*h - 3*h + 5. Give c(d).
-7
Let d(t) = -8*t + 14. Let p(h) = 6*h - 16. Let j(l) = -4*d(l) - 5*p(l). Give j(-10).
4
Suppose -5*d - 3*i + 2 = -9, 2*i = -4*d + 10. Suppose d*u - 4 = 2*u. Let b(q) = 3*q - 2. Give b(u).
4
Suppose -5*f + 30 = -0*f. Let p be f - 0 - (-5 + 4). Let j(l) be the second derivative of l**3/6 - l**2 - 22*l. Give j(p).
5
Let g(m) = -m - 2. Suppose 6*o = 5*r + 10*o - 23, 3*r - o - 24 = 0. Give g(r).
-9
Let a(d) = 2*d**2. Let r(u) = 2*u + 4. Let p be r(0). Suppose 0 = 5*z + p*s - 55, 4*z + 4*s = -29 + 77. Let l = z + -8. What is a(l)?
2
Let s(j) be the second derivative of j**7/840 + j**5/60 - j**4/8 + 7*j**3/3 + j. Let w(t) be the second derivative of s(t). Give w(2).
9
Let u(v) = 7*v**2 + 2*v + 5. Let h(s) = 11*s**2 + 3*s + 7. Let n(y) = 5*h(y) - 7*u(y). Let a = -82 - -81. What is n(a)?
5
Let k(m) = 3*m**3 + 336*m - 3*m**2 - 667*m + 333*m - 2. What is k(2)?
14
Let l(b) be the first derivative of 3*b**2 + 4*b - 96. Calculate l(-3).
-14
Let i(x) = -x**3 - 2*x - 1. Suppose 0 = 2*a - a - 8. Suppose -10*n - a = -6*n. Give i(n).
11
Suppose 0 = 15*k - 18*k + 42. Suppose -33 = -3*g + 3*i, 4*i = -2*g + 3*g + 1. Let u = g - k. Let t(f) = 10*f. What is t(u)?
10
Let j = 17 + -35. Let p = -6 - j. Let k = p - 16. Let f(v) = v**2 + 4*v - 1. Determine f(k).
-1
Let g(d) = -2*d**3 - 2267 + 2263 + d**3 + 2*d**3 + 3*d**2. What is g(-3)?
-4
Let u(m) be the first derivative of -m**4/24 + m**3/2 - 9*m**2 + 5. Let t(z) be the second derivative of u(z). Suppose 2 = -o - 1. Give t(o).
6
Let u(i) = i**2 - 11*i - 11. Suppose -33*m + 162 + 234 = 0. What is u(m)?
1
Let t(p) be the third derivative of -p**9/60480 + p**8/6720 - p**6/360 + p**5/12 - p**2. Let a(d) be the third derivative of t(d). Give a(2).
2
Let h(w) = 5*w**3 - w**2 + 8*w - 2. Let d(r) = r**3 - 2*r**2 + 2*r + 2. Let y(o) = 4*d(o) - h(o). Determine y(-7).
10
Let i(c) = 3*c - 10. Let v(j) = -6*j + 19. Suppose -13*s - 5 = -14*s. Let a = s - 0. Let h(w) = a*i(w) + 3*v(w). Calculate h(5).
-8
Let n(r) = -12*r**3 - 1. Let l(m) = m**3 + 4*m**2 - 13*m - 6. Let j be l(-6). Suppose j = 7*i - 5 - 2. Give n(i).
-13
Let m be ((-357)/476)/(2/(-24)). Let t(q) = 6*q - 36. Calculate t(m).
18
Let k(u) = u - 7. Let p(b) = b**3 - 4*b**2 - 5*b + 4. Let q be p(5). Suppose 35 = q*j + j - 3*a, -5*a - 41 = -4*j. Calculate k(j).
-3
Suppose -20*s - 6 = -19*s. Let b(w) = 13*w - 5. Let r(j) = -7*j + 3. Let g(z) = -4*b(z) - 7*r(z). Determine g(s).
17
Let r = -23 - -27. Let q(f) = -6*f**2 - 6*f + 8. Let p(u) = -11*u**2 - 11*u + 15. Let h(x) = r*p(x) - 7*q(x). Give h(-3).
-8
Let v = -2117 + 2117. Let w(i) be the first derivative of 2 - 5/2*i**2 + v*i. Calculate w(-2).
10
Let s(o) be the first derivative of o**2/2 + 2*o + 137. Suppose -4*h - 3*a = -6 + 33, -h - 4*a = 23. Give s(h).
-1
Let r(n) = -8*n**3 - 8*n**2 - 2*n + 9. Let h(t) = 3*t**3 + 3*t**2 + t - 3. Let a(x) = -3*x + 34. Let v be a(15). Let o(g) = v*h(g) - 4*r(g). Give o(-2).
7
Suppose -4*w = -4, -28*s + 4*w - 32 = -32*s. Let x(r) = 2*r - 4. Give x(s).
10
Let c(o) be the third derivative of -o**5/20 - o**4/8 - o**3/2 - 5*o**2 + 8*o. Determine c(3).
-39
Let m(i) = -i - 5*i**2 - i**3 + 0*i - 3 + 5*i + 0*i. What is m(-5)?
-23
Let k(g) = g**2 + 4*g + 1. Let v be (-32)/(-12)*2/12*-9. What is k(v)?
1
Let f(j) = -4*j + 3. Let k be f(-3). Let t be (-6)/10*k/(-3). Suppose -t*q = -3, 3*v - 2*v + q - 1 = 0. Let x(u) = u**3 - u**2 - 9. Give x(v).
-9
Let w = 103 + -99. Let y be (8/10)/(w/(-10)). Let t(p) = 3*p**2 + 2*p + 1. What is t(y)?
9
Let t(p) = p. Let x = -117 - -104. Let z be -1 + 1*(-16)/(-1). Let v = x + z. Give t(v).
2
Let j(d) be the second derivative of -3*d**5/20 + d**3/6 + d**2 + 140*d. Determine j(-2).
24
Let y = -154 + 151. Let b(t) = 2*t + 1. Determine b(y).
-5
Let y(o) = o**3 - 9*o**2 - 2*o - 2. Suppose 27 = -0*g + 3*g. Calculate y(g).
-20
Let m(y) = y**2 - 6*y + 3. Suppose 7*v - 39 = 10. Give m(v).
10
Let p(b) = -b - 4. Suppose g + f - 38 = 0, 2*g = -4*f + 108 - 40. Let q = g - 38. Determine p(q).
-8
Let u(y) = y**3 - 2*y**2 - 4*y - 1. Let h(c) be the third derivative of c**4/6 - 5*c**3/6 + 2*c**2. Suppose -3*r + 5 + 1 = 0. Let k be h(r). Calculate u(k).
-4
Let f(s) = -17*s - 92. Let r be f(-5). Let u(t) = 4*t + 4. Give u(r).
-24
Let l(i) = 5*i**2 + 1. Let o be l(1). Let b(c) = -4*c - 1. Let f(d) = 3*d + 3. Let k(q) = -b(q) - f(q). Determine k(o).
4
Let y(l) = 4*l**2 - l. Let p(h) be the third derivative of -h**2 + 5/6*h**3 + 1/24*h**4 + 0 + 0*h. Let b be p(-4). Give y(b).
3
Let w(p) = p**3 + 8*p**2 + 4*p - 9. Let m be w(-7). Let o = m - 10. Let q(d) = 4*d**2 - d**2 + 0 + o*d - d**2 + 1. Give q(-2).
5
Suppose 29 = 5*p + 19. Let o(g) be the second derivative of g**5/20 - g**4/4 + g**3/2 - g**2/2 + 3*g. Give o(p).
1
Suppose t = -3*y + 19, 4*y - 6 = 2*y + t. Let o(q) = 1158 - 1161 + 2*q + y*q. Determine o(2).
11
Let y(s) = 3 - 3 + 10 + 15*s - 13*s. Let t be y(-8). Let w = t - -2. Let n(r) = r. Determine n(w).
-4
Let h(f) be the second derivative of f**5/120 + f**4/3 - 2*f**3/3 + 15*f. Let v(a) be the second derivative of h(a). Determine v(-4).
4
Let i(g) = -9*g - 4. Let b(a) = 2*a**3 - 2*a**2 - 4*a + 3. Let n be b(2). What is i(n)?
-31
Let i(z) = z**3 - z**2 + z + 1. Let n = 42 - 42. Suppose -5*m - v = 3 - n, 6 = -3*m - 2*v. Determine i(m).
1
Suppose 12 + 6 = -9*i. Let h = i - -2. Let t(m